 121 and v.
11
Suppose 8*p - 128 = 6*p. Let y = -69 - -77. Calculate the greatest common divisor of y and p.
8
Let s = 8 - 21. Let p be s*(6/(-2))/3. Suppose 0 = p*g - 10*g - 63. What is the highest common divisor of g and 42?
21
Let m = 203 - 199. Calculate the greatest common divisor of m and 12.
4
Let y = -1937 - -2001. Let s be 17 + -1 + 0/1. What is the greatest common divisor of y and s?
16
Let d(w) = -w + 9. Let x be d(6). Suppose -s = x*q - 9, -s + 13 = 3*q + q. Let g(f) = f + 7. Let j be g(q). Calculate the greatest common divisor of j and 55.
11
Let z = -1326 - -1400. Calculate the greatest common divisor of z and 1517.
37
Suppose -3*h = -31 - 62. Suppose 1370 = 4*l + 378. Calculate the highest common divisor of h and l.
31
Let x = -6 + 8. Suppose -3*w + 2*k + 61 = -0*w, x*k = 2. Let r = w + -5. Calculate the greatest common divisor of 4 and r.
4
Let r be 48/(-42)*28/(-24)*123. What is the greatest common factor of 4 and r?
4
Suppose -22*f - 10 = c - 19*f, 0 = c + 5*f + 18. What is the greatest common factor of c and 52?
2
Let z(r) = 32*r - 24. Let d be z(-13). Let y be d/(-12) + (3 - (-22)/(-6)). Let x be (16/1)/(6/9). What is the highest common factor of x and y?
12
Let u(n) = -9*n + 66. Let p be u(6). What is the greatest common divisor of p and 222?
6
Let q be 736 - (7 + (4 - 11)). What is the highest common factor of q and 23?
23
Let q(s) = 7*s**2 - 6*s - 7. Let p(c) = -c - 1. Let l(d) = -4*p(d) + q(d). Let r be l(2). What is the highest common factor of r and 231?
21
Let w be (-234)/(-15)*(-30)/(-9). Let f = 8 + 31. What is the highest common factor of f and w?
13
Suppose -13 = 3*t - 5*z - 0*z, 0 = 3*t + 4*z - 32. Suppose -2*n + 21 = t*b - 207, -5*b = 2*n - 284. Calculate the greatest common divisor of 8 and b.
8
Suppose 9*b - 1675 = -271. What is the highest common divisor of 12 and b?
12
Let d = 34 - 19. Let u(o) = o**3 + 7*o**2 - 23*o + 10. Let w be u(5). What is the highest common divisor of w and d?
15
Suppose -5*b = 69 + 1. Let c be (-66)/b + 2/7. Let s = 31 + -26. Calculate the highest common factor of s and c.
5
Let x = 47 - 21. Suppose 0 = 13*g - 762 + 213 - 296. Calculate the highest common factor of x and g.
13
Let l = -413 + 452. Let p(f) = f**2 + 6*f + 6. Let d be p(-7). Calculate the highest common factor of l and d.
13
Suppose 0 = 35*q - 16 - 19. What is the greatest common factor of q and 7?
1
Let v(z) = -z**2 + 9*z + 2. Let g be v(9). Suppose -109 = -2*k + n, 0 = k - g*n - 30 - 20. Calculate the highest common divisor of k and 14.
14
Suppose 2*q = 9 + 13. Suppose -8*p + q*p - 36 = 0. What is the greatest common divisor of 16 and p?
4
Suppose -5*v = -v - 16. Suppose -v*c - 96 = -8*c. Calculate the highest common factor of c and 216.
24
Let d(m) = m + 4. Let r be d(2). Suppose -14*l - 24 = -108. Calculate the highest common divisor of l and r.
6
Let w(b) = -2*b**2 + 10*b. Let k be w(7). Let d = -24 - k. Let q = 10 - d. What is the highest common factor of 6 and q?
6
Let m(g) = 24*g - 7. Let k be m(-1). Let j = k + 60. Calculate the greatest common factor of j and 87.
29
Suppose -5*d + 2109 = -2*t, 5*d - 2638 + 541 = -4*t. Suppose 9*b + 5*m = 4*b + 445, 0 = 5*b - m - d. What is the highest common divisor of 17 and b?
17
Let g(t) = t**2 - 2*t + 95. Let n be g(-10). What is the highest common divisor of 86 and n?
43
Let l(o) = -o**3 + 12*o**2 - 10*o. Let y be l(8). What is the highest common divisor of y and 16?
16
Suppose -5*r + 13 = -2*g + 30, 2*r = 4*g - 58. What is the highest common divisor of 12 and g?
4
Let p = -35 - -62. Let t = 35 - p. Calculate the highest common divisor of 12 and t.
4
Let y(x) = -x**2 + 13*x - 14. Let b be y(6). Let w(o) = -o + 20. Let k be w(-8). What is the greatest common factor of b and k?
28
Suppose 140*w - 184 = 94*w. Let x be 2*1*1*6. What is the greatest common factor of x and w?
4
Let j(i) = i**2 - i + 42. Let o be j(0). Let a = -24 + o. What is the highest common divisor of 18 and a?
18
Let h = 35 + -31. Suppose k + 167 = 2*i, h*i + 2*k - 329 = 3*k. Calculate the greatest common factor of i and 9.
9
Let y(c) = -3*c**2 - 7*c - 4. Let v be y(-7). Suppose 3*t - 4*i - 82 = 472, 5*t - 904 = -3*i. Let n = v + t. Calculate the highest common factor of n and 8.
8
Suppose 10 = 2*j - j. Let x be 2/j + 2152/40. Suppose 27 = 5*m - 4*q - 41, -5*m + x = 3*q. What is the highest common factor of 6 and m?
6
Let a = 74 - 239. Let m = a - -309. Let w be (-184)/(-10) - (24/10 + -2). What is the highest common divisor of m and w?
18
Let l be (1 - 7/6) + (-19820)/(-120). Calculate the greatest common factor of l and 440.
55
Let s be 16/(-12) - (-7980)/18. Calculate the greatest common factor of 26 and s.
26
Suppose -5*k = -b + 197, 0 = 3*b + 7*k - 8*k - 577. What is the highest common factor of 336 and b?
48
Let u(j) = -4*j - 13. Let y be u(-4). Suppose -5*l - 17 = -y*x, -4*l = 5*x - l - 17. Suppose x*r = 20 + 68. What is the highest common divisor of 44 and r?
22
Suppose 0 = -s + 6 + 1. Let x be (s/3)/(1/6). Suppose 0 = -9*w + x*w - 70. What is the greatest common factor of 14 and w?
14
Let q be 2 + (-4)/1 + 4. Suppose q*a - 3*r = 7*a - 59, -5*r - 36 = -2*a. Suppose 0*l = -l + 117. What is the highest common divisor of l and a?
13
Let f be 1*-2*(18 + -22). What is the highest common factor of 72 and f?
8
Let v(x) = -x**3 + 2*x**2 + 3*x + 2. Let q be v(3). Let f be (-336)/(-18) + q/(-3). What is the highest common divisor of 162 and f?
18
Let h be -6*(-119)/14 - 5. Calculate the greatest common divisor of h and 2.
2
Suppose -2*s + n = -3 - 14, 0 = 3*s + 5*n - 19. Suppose 5*x - 3*k + 7 = k, 0 = 2*x - k + 1. What is the highest common divisor of x and s?
1
Let z = 468 - 463. What is the greatest common factor of 150 and z?
5
Suppose -3*u - 19 = 6*q - 8*q, -5*u + 4*q = 35. Let o be (-3)/u*(10 + 4). Calculate the greatest common divisor of o and 28.
14
Suppose 20 - 8 = 3*w. Let h be (w + -9)/5*-15. Suppose 4*f - 5*d - 470 = 0, 0 = 4*d - 5*d + 2. What is the highest common divisor of h and f?
15
Suppose 472*j - 798 = 465*j. Calculate the greatest common divisor of j and 969.
57
Suppose 5*p + s - 521 = 0, 16*p - 15*p - s = 109. Calculate the greatest common divisor of p and 735.
105
Suppose -f = a - 6*f - 10, 4*f = -2*a + 20. Suppose -v + 3*v - 50 = 0. Suppose -6*z + v = -z. Calculate the greatest common divisor of z and a.
5
Suppose 0 = -3*s + 14*s + 3718. Let o = -34 - s. Calculate the highest common divisor of 16 and o.
16
Let w be (-10)/(-4)*(4 + 2). Let y = w + -14. Let u be 1154/8 - y/4. Calculate the highest common divisor of u and 18.
18
Suppose -2*f + 0*x + 3*x = -20, f + 4*x + 12 = 0. Suppose -92 = -8*j + 100. Calculate the greatest common factor of f and j.
4
Suppose 88 = p + 22. Calculate the highest common divisor of 30 and p.
6
Suppose 104 = 8*w - 424. What is the greatest common divisor of 44 and w?
22
Let l(z) = -z - 10. Let b be l(-13). Suppose -b*w + 123 = -45. What is the highest common divisor of 8 and w?
8
Suppose 5*q = -0*q - 4*h + 716, -3*q + 416 = -h. What is the highest common divisor of q and 245?
35
Let l(i) = i**2 + 22*i - 2. Let m be l(-18). Let y = -32 - m. What is the highest common divisor of y and 28?
14
Let l be 6/((3 + 420/(-136))/(-4)). Let o = -57 + l. Calculate the highest common factor of 86 and o.
43
Let u be 45/6 - 2/4. Let q = -17 + 188. Suppose 0 = -n + q - 94. What is the highest common divisor of u and n?
7
Let m be ((-14)/(-21) - 15/9) + 5. What is the highest common factor of 8 and m?
4
Suppose -n - 2 = -7. Suppose 3*r - 3*w - 90 = 0, -3*r + 5*w - 165 = -7*r. What is the highest common divisor of r and n?
5
Let c = 61 - 57. Let s be (99/(-6))/(183/48 - c). Calculate the highest common divisor of 8 and s.
8
Let z(d) = d**3 - d**2 - 2*d + 81. Let o be z(0). Suppose o + 79 = 5*a. What is the highest common factor of a and 352?
32
Let d = 2664 - 2523. Suppose -5*o + 0*t + 495 = 5*t, 3*o = 5*t + 257. What is the greatest common factor of o and d?
47
Suppose -5*w + 109 = -h + 1010, 3*h = -12. Let q = w - -98. Let f = 126 - q. What is the greatest common factor of 19 and f?
19
Let y(b) = 3*b + 68. Let v be y(-22). Let d be 3*(0 + v/3). Suppose 3*p = -0*p + 18. Calculate the greatest common divisor of d and p.
2
Let d(u) = -16*u - 13. Let n be d(-3). Let b = n -